{"id":5471,"date":"2018-01-26T23:38:20","date_gmt":"2018-01-26T22:38:20","guid":{"rendered":"http:\/\/maciejko.org\/witryna\/?page_id=5471"},"modified":"2018-01-27T00:13:55","modified_gmt":"2018-01-26T23:13:55","slug":"geometria-7","status":"publish","type":"page","link":"https:\/\/maciejko.org\/witryna\/publikacje-2\/zadania\/klasa-vii\/geometria-7","title":{"rendered":"Geometria"},"content":{"rendered":"<h1><a href=\"http:\/\/maciejko.org\/witryna\/klasa-vii\/geometria-7\/pola-wielokatow\">W\u0142asno\u015bci figur p\u0142askich i pola wielok\u0105t\u00f3w<\/a><\/h1>\n<h1><a href=\"http:\/\/maciejko.org\/witryna\/klasa-vii\/geometria-7\/twierdzenie-pitagorasa-7\">Twierdzenie Pitagorasa<\/a><\/h1>\n<h1><a href=\"http:\/\/maciejko.org\/witryna\/klasa-vii\/geometria-7\/graniastoslupy-7\">Graniastos\u0142upy<\/a><\/h1>\n<p>&nbsp;<\/p>\n","protected":false},"excerpt":{"rendered":"<p>W\u0142asno\u015bci figur p\u0142askich i pola wielok\u0105t\u00f3w Twierdzenie Pitagorasa Graniastos\u0142upy &nbsp;<\/p>\n","protected":false},"author":6,"featured_media":0,"parent":5377,"menu_order":0,"comment_status":"closed","ping_status":"closed","template":"","meta":[],"_links":{"self":[{"href":"https:\/\/maciejko.org\/witryna\/wp-json\/wp\/v2\/pages\/5471"}],"collection":[{"href":"https:\/\/maciejko.org\/witryna\/wp-json\/wp\/v2\/pages"}],"about":[{"href":"https:\/\/maciejko.org\/witryna\/wp-json\/wp\/v2\/types\/page"}],"author":[{"embeddable":true,"href":"https:\/\/maciejko.org\/witryna\/wp-json\/wp\/v2\/users\/6"}],"replies":[{"embeddable":true,"href":"https:\/\/maciejko.org\/witryna\/wp-json\/wp\/v2\/comments?post=5471"}],"version-history":[{"count":5,"href":"https:\/\/maciejko.org\/witryna\/wp-json\/wp\/v2\/pages\/5471\/revisions"}],"predecessor-version":[{"id":5489,"href":"https:\/\/maciejko.org\/witryna\/wp-json\/wp\/v2\/pages\/5471\/revisions\/5489"}],"up":[{"embeddable":true,"href":"https:\/\/maciejko.org\/witryna\/wp-json\/wp\/v2\/pages\/5377"}],"wp:attachment":[{"href":"https:\/\/maciejko.org\/witryna\/wp-json\/wp\/v2\/media?parent=5471"}],"curies":[{"name":"wp","href":"https:\/\/api.w.org\/{rel}","templated":true}]}}