{"id":5486,"date":"2018-01-27T00:12:12","date_gmt":"2018-01-26T23:12:12","guid":{"rendered":"http:\/\/maciejko.org\/witryna\/?page_id=5486"},"modified":"2018-01-27T00:14:32","modified_gmt":"2018-01-26T23:14:32","slug":"pola-wielokatow","status":"publish","type":"page","link":"http:\/\/maciejko.org\/witryna\/publikacje-2\/zadania\/klasa-vii\/geometria-7\/pola-wielokatow","title":{"rendered":"Pola wielok\u0105t\u00f3w"},"content":{"rendered":"<ul>\n<li><a href=\"http:\/\/maciejko.org\/witryna\/wp-content\/uploads\/2012\/01\/Karta-nr-8.1-fig.p\u0142askie-k\u0105ty.pdf\" target=\"_blank\" rel=\"noopener\">Karta 8.1 Figury p\u0142askie &#8211; k\u0105ty<\/a><\/li>\n<li><a href=\"http:\/\/maciejko.org\/witryna\/wp-content\/uploads\/2012\/01\/Karta-nr-8.2-k\u0105t-wpisany-k\u0105t-\u015brodkowy.pdf\" target=\"_blank\" rel=\"noopener\">Karta 8.2; K\u0105t wpisany, k\u0105t \u015brodkowy<\/a><\/li>\n<li><a href=\"http:\/\/maciejko.org\/witryna\/wp-content\/uploads\/2012\/01\/Karta-nr-8.3Figury-wpisane-w-okrag.pdf\" target=\"_blank\" rel=\"noopener\">Karta 8.3; Figury wpisane w okr\u0105g<\/a><\/li>\n<li><a href=\"http:\/\/maciejko.org\/witryna\/wp-content\/uploads\/2012\/01\/Karta-nr-8.4-figury-p\u0142askie-w\u0142asno\u015bci-.pdf\" target=\"_blank\" rel=\"noopener\">Karta 8.4; Figury p\u0142askie &#8211; w\u0142asno\u015bci<\/a><\/li>\n<li><a href=\"http:\/\/maciejko.org\/witryna\/wp-content\/uploads\/2012\/01\/Karta-nr-8.5-Pola-figur-p\u0142askich.pdf\" target=\"_blank\" rel=\"noopener\">Karta 8.5; Pola figur p\u0142askich<\/a><\/li>\n<li><a href=\"http:\/\/maciejko.org\/witryna\/wp-content\/uploads\/2013\/12\/Karta-nr.18.1-Wielok\u0105ty-foremna.pdf\" target=\"_blank\" rel=\"noopener\">Karta 18.1; Wielok\u0105ty foremne<\/a><\/li>\n<li><a href=\"http:\/\/maciejko.org\/witryna\/wp-content\/uploads\/2017\/04\/Karta-22-B-zadania-z-tre\u015bci\u0105-z-geometrii.pdf\" target=\"_blank\" rel=\"noopener\">Karta B. Zadania z tre\u015bci\u0105 z geometrii<\/a><\/li>\n<\/ul>\n","protected":false},"excerpt":{"rendered":"<p>Karta 8.1 Figury p\u0142askie &#8211; k\u0105ty Karta 8.2; K\u0105t wpisany, k\u0105t \u015brodkowy Karta 8.3; Figury wpisane w okr\u0105g Karta 8.4; Figury p\u0142askie &#8211; w\u0142asno\u015bci Karta 8.5; Pola figur p\u0142askich Karta 18.1; Wielok\u0105ty foremne Karta B. Zadania z tre\u015bci\u0105 z geometrii<\/p>\n","protected":false},"author":6,"featured_media":0,"parent":5471,"menu_order":0,"comment_status":"closed","ping_status":"closed","template":"","meta":[],"_links":{"self":[{"href":"http:\/\/maciejko.org\/witryna\/wp-json\/wp\/v2\/pages\/5486"}],"collection":[{"href":"http:\/\/maciejko.org\/witryna\/wp-json\/wp\/v2\/pages"}],"about":[{"href":"http:\/\/maciejko.org\/witryna\/wp-json\/wp\/v2\/types\/page"}],"author":[{"embeddable":true,"href":"http:\/\/maciejko.org\/witryna\/wp-json\/wp\/v2\/users\/6"}],"replies":[{"embeddable":true,"href":"http:\/\/maciejko.org\/witryna\/wp-json\/wp\/v2\/comments?post=5486"}],"version-history":[{"count":2,"href":"http:\/\/maciejko.org\/witryna\/wp-json\/wp\/v2\/pages\/5486\/revisions"}],"predecessor-version":[{"id":5490,"href":"http:\/\/maciejko.org\/witryna\/wp-json\/wp\/v2\/pages\/5486\/revisions\/5490"}],"up":[{"embeddable":true,"href":"http:\/\/maciejko.org\/witryna\/wp-json\/wp\/v2\/pages\/5471"}],"wp:attachment":[{"href":"http:\/\/maciejko.org\/witryna\/wp-json\/wp\/v2\/media?parent=5486"}],"curies":[{"name":"wp","href":"https:\/\/api.w.org\/{rel}","templated":true}]}}