{"id":4671,"date":"2016-06-06T19:21:41","date_gmt":"2016-06-06T18:21:41","guid":{"rendered":"http:\/\/maciejko.org\/witryna\/?page_id=4671"},"modified":"2016-06-23T10:51:47","modified_gmt":"2016-06-23T09:51:47","slug":"rownania-z-jedna-niewiadoma","status":"publish","type":"page","link":"http:\/\/maciejko.org\/witryna\/publikacje-2\/karty-pracy\/algebra\/rownania-i-nierownosci\/rownania-z-jedna-niewiadoma","title":{"rendered":"R\u00f3wnania z jedn\u0105 niewiadom\u0105"},"content":{"rendered":"<ul>\n<li><a href=\"http:\/\/maciejko.org\/witryna\/wp-content\/uploads\/2015\/06\/karta-B-dla-uczni\u00f3w-s\u0142abych-Rownania-i-nier\u00f3wno\u015bci.pdf\" target=\"_blank\">Karta B. R\u00f3wnania<\/a><\/li>\n<li><a href=\"http:\/\/maciejko.org\/witryna\/wp-content\/uploads\/2015\/10\/karta-B-dla-uczni\u00f3w-s\u0142abych.-Zadania-z-tre\u015bci\u0105-z-podpowiedziami.pdf\" target=\"_blank\">Karta B. Zadania z tre\u015bci\u0105 z podpowiedziami<\/a><\/li>\n<li><a href=\"http:\/\/maciejko.org\/witryna\/wp-content\/uploads\/2013\/04\/Karta-nr-12.1-R\u00f3wnania.pdf\" target=\"_blank\">Karta 12.1; R\u00f3wnania z jedn\u0105 niewiadom\u0105 <\/a><\/li>\n<li><a href=\"http:\/\/maciejko.org\/witryna\/wp-content\/uploads\/2013\/04\/Karta-nr-12.2-R\u00f3wnania-zadania.pdf\" target=\"_blank\">Karta 12.2; R\u00f3wnania, proste zadania z tre\u015bci\u0105<\/a><\/li>\n<li><a href=\"http:\/\/maciejko.org\/witryna\/wp-content\/uploads\/2013\/04\/Karta-nr-12.3-R\u00f3wnania-trudniejsze.pdf\" target=\"_blank\">Karta 12.3; R\u00f3wnania trudniejsze<\/a><\/li>\n<\/ul>\n","protected":false},"excerpt":{"rendered":"<p>Karta B. R\u00f3wnania Karta B. Zadania z tre\u015bci\u0105 z podpowiedziami Karta 12.1; R\u00f3wnania z jedn\u0105 niewiadom\u0105 Karta 12.2; R\u00f3wnania, proste zadania z tre\u015bci\u0105 Karta 12.3; R\u00f3wnania trudniejsze<\/p>\n","protected":false},"author":5,"featured_media":0,"parent":4669,"menu_order":0,"comment_status":"closed","ping_status":"closed","template":"sidebar-page.php","meta":[],"_links":{"self":[{"href":"http:\/\/maciejko.org\/witryna\/wp-json\/wp\/v2\/pages\/4671"}],"collection":[{"href":"http:\/\/maciejko.org\/witryna\/wp-json\/wp\/v2\/pages"}],"about":[{"href":"http:\/\/maciejko.org\/witryna\/wp-json\/wp\/v2\/types\/page"}],"author":[{"embeddable":true,"href":"http:\/\/maciejko.org\/witryna\/wp-json\/wp\/v2\/users\/5"}],"replies":[{"embeddable":true,"href":"http:\/\/maciejko.org\/witryna\/wp-json\/wp\/v2\/comments?post=4671"}],"version-history":[{"count":4,"href":"http:\/\/maciejko.org\/witryna\/wp-json\/wp\/v2\/pages\/4671\/revisions"}],"predecessor-version":[{"id":4792,"href":"http:\/\/maciejko.org\/witryna\/wp-json\/wp\/v2\/pages\/4671\/revisions\/4792"}],"up":[{"embeddable":true,"href":"http:\/\/maciejko.org\/witryna\/wp-json\/wp\/v2\/pages\/4669"}],"wp:attachment":[{"href":"http:\/\/maciejko.org\/witryna\/wp-json\/wp\/v2\/media?parent=4671"}],"curies":[{"name":"wp","href":"https:\/\/api.w.org\/{rel}","templated":true}]}}