{"id":3776,"date":"2015-03-16T23:46:58","date_gmt":"2015-03-16T22:46:58","guid":{"rendered":"http:\/\/maciejko.org\/witryna\/?page_id=3776"},"modified":"2015-03-17T01:11:13","modified_gmt":"2015-03-17T00:11:13","slug":"odcinek-5-wylaczanie-wspolnego-czynnika","status":"publish","type":"page","link":"http:\/\/maciejko.org\/witryna\/publikacje-2\/filmy-edukacyjne\/wyrazenia-algebraiczne\/odcinek-5-wylaczanie-wspolnego-czynnika","title":{"rendered":"Odcinek 5.  Wy\u0142\u0105czanie wsp\u00f3lnego czynnika."},"content":{"rendered":"<p><center><iframe src=\"https:\/\/www.youtube.com\/embed\/PRkm3DL75K0\" width=\"854\" height=\"560\" frameborder=\"0\" allowfullscreen=\"allowfullscreen\"><\/iframe><\/center><\/p>\n","protected":false},"excerpt":{"rendered":"","protected":false},"author":4,"featured_media":0,"parent":3763,"menu_order":0,"comment_status":"closed","ping_status":"open","template":"","meta":[],"_links":{"self":[{"href":"http:\/\/maciejko.org\/witryna\/wp-json\/wp\/v2\/pages\/3776"}],"collection":[{"href":"http:\/\/maciejko.org\/witryna\/wp-json\/wp\/v2\/pages"}],"about":[{"href":"http:\/\/maciejko.org\/witryna\/wp-json\/wp\/v2\/types\/page"}],"author":[{"embeddable":true,"href":"http:\/\/maciejko.org\/witryna\/wp-json\/wp\/v2\/users\/4"}],"replies":[{"embeddable":true,"href":"http:\/\/maciejko.org\/witryna\/wp-json\/wp\/v2\/comments?post=3776"}],"version-history":[{"count":3,"href":"http:\/\/maciejko.org\/witryna\/wp-json\/wp\/v2\/pages\/3776\/revisions"}],"predecessor-version":[{"id":3801,"href":"http:\/\/maciejko.org\/witryna\/wp-json\/wp\/v2\/pages\/3776\/revisions\/3801"}],"up":[{"embeddable":true,"href":"http:\/\/maciejko.org\/witryna\/wp-json\/wp\/v2\/pages\/3763"}],"wp:attachment":[{"href":"http:\/\/maciejko.org\/witryna\/wp-json\/wp\/v2\/media?parent=3776"}],"curies":[{"name":"wp","href":"https:\/\/api.w.org\/{rel}","templated":true}]}}