{"id":3732,"date":"2015-02-18T10:02:20","date_gmt":"2015-02-18T09:02:20","guid":{"rendered":"http:\/\/maciejko.org\/witryna\/?page_id=3732"},"modified":"2017-05-31T11:44:52","modified_gmt":"2017-05-31T10:44:52","slug":"zagadki","status":"publish","type":"page","link":"http:\/\/maciejko.org\/witryna\/publikacje-2\/zadania\/zagadki","title":{"rendered":"Zagadki"},"content":{"rendered":"<li><a href=\"http:\/\/maciejko.org\/witryna\/wp-content\/uploads\/2017\/05\/Zagadka-20-.-Liczbowe-kombinacje.pdf\">Zagadka 20. Liczbowe kombinacje<\/a><\/li>\n<li><a href=\"http:\/\/maciejko.org\/witryna\/wp-content\/uploads\/2017\/05\/Zagadka-19.-Spotkanie.pdf\">Zagadka 19. Spotkanie<\/a><\/li>\n<li><a href=\"http:\/\/maciejko.org\/witryna\/wp-content\/uploads\/2017\/03\/Zagadka-18.-Jaka-to-liczba.pdf\">Zagadka 18. Jaka to liczba?<\/a><\/li>\n<li><a href=\"http:\/\/maciejko.org\/witryna\/wp-content\/uploads\/2017\/03\/Zagadka-17.-Jak\u0105-wybra\u0107-kurtk\u0119.pdf\">Zagadka 17. Jak\u0105 wybra\u0107 kurtk\u0119?<\/a><\/li>\n<li><a href=\"http:\/\/maciejko.org\/witryna\/wp-content\/uploads\/2016\/01\/Zagadka-16.-Numer-telefonu.pdf\">Zagadka 16.Numer telefonu<\/a><\/li>\n<li><a href=\"http:\/\/maciejko.org\/witryna\/wp-content\/uploads\/2015\/12\/Zagadka-15.-Dziwne-liczby.pdf\">Zagadka 15.Dziwne liczby <\/a><\/li>\n<li><a href=\"http:\/\/maciejko.org\/witryna\/wp-content\/uploads\/2015\/11\/Zagadka-14.-gdzie-jest-b\u0142\u0105d.pdf\">Zagadka 14.gdzie jest b\u0142\u0105d? <\/a><\/li>\n<li><a href=\"http:\/\/maciejko.org\/witryna\/wp-content\/uploads\/2015\/04\/Zagadka-13.K\u0105piel-w-morzu.pdf\">Zagadka 13.K\u0105piel w morzu<\/a><\/li>\n<li><a href=\"http:\/\/maciejko.org\/witryna\/wp-content\/uploads\/2015\/04\/Zagadka-12.Przeprowadzka.pdf\">Zagadka 12.Przeprowadzka <\/a><\/li>\n<li><a href=\"http:\/\/maciejko.org\/witryna\/wp-content\/uploads\/2015\/03\/Zagadka-11.Ile-r\u00f3wna\u0144.pdf\">Zagadka 11. Ile r\u00f3wna\u0144?<\/a><\/li>\n<li><a href=\"http:\/\/maciejko.org\/witryna\/wp-content\/uploads\/2015\/02\/Czytanka10.pdf\">Zagadka 10. Egzamin<\/a><\/li>\n<li><a href=\"http:\/\/maciejko.org\/witryna\/wp-content\/uploads\/2015\/02\/Czytanka-9.pdf\">Zagadka 9. Odwiedziny<\/a><\/li>\n<li><a href=\"http:\/\/maciejko.org\/witryna\/wp-content\/uploads\/2014\/12\/Czytanka-8.pdf\">Zagadka 8. Ciasto<\/a><\/li>\n<li><a href=\"http:\/\/maciejko.org\/witryna\/wp-content\/uploads\/2014\/12\/Czytanka-71.pdf\">Zagadka 7. Autobus<\/a><\/li>\n<li><a href=\"http:\/\/maciejko.org\/witryna\/wp-content\/uploads\/2014\/12\/Czytanka-6.pdf\">Zagadka 6. Jazda samochodem<\/a><\/li>\n<li><a href=\"http:\/\/maciejko.org\/witryna\/wp-content\/uploads\/2014\/12\/Czytanka-5.pdf\">Zagadka 5. Droga do szko\u0142y<\/a><\/li>\n<li><a href=\"http:\/\/maciejko.org\/witryna\/wp-content\/uploads\/2014\/11\/Czytanka-4.pdf\">Zagadka 4. Zakup zniczy<\/a><\/li>\n<li><a href=\"http:\/\/maciejko.org\/witryna\/wp-content\/uploads\/2014\/11\/Czytanka-3.pdf\">Zagadka 3. Podr\u00f3\u017c do Zakopanego<\/a><\/li>\n<li><a href=\"http:\/\/maciejko.org\/witryna\/wp-content\/uploads\/2014\/10\/Czytanka-2.pdf\">Zagadka 2. Prace w ogr\u00f3dku<\/a><\/li>\n<li><a href=\"http:\/\/maciejko.org\/witryna\/wp-content\/uploads\/2014\/10\/Czytanka-1.pdf\">Zagadka 1. Na pla\u017cy<\/a><\/li>\n","protected":false},"excerpt":{"rendered":"<p>Zagadka 20. Liczbowe kombinacje Zagadka 19. Spotkanie Zagadka 18. Jaka to liczba? Zagadka 17. Jak\u0105 wybra\u0107 kurtk\u0119? Zagadka 16.Numer telefonu Zagadka 15.Dziwne liczby Zagadka 14.gdzie jest b\u0142\u0105d? Zagadka 13.K\u0105piel w morzu Zagadka 12.Przeprowadzka Zagadka 11. Ile r\u00f3wna\u0144? Zagadka 10. Egzamin &hellip; <a href=\"http:\/\/maciejko.org\/witryna\/publikacje-2\/zadania\/zagadki\">Czytaj dalej <span class=\"meta-nav\">&rarr;<\/span><\/a><\/p>\n","protected":false},"author":4,"featured_media":0,"parent":4415,"menu_order":0,"comment_status":"closed","ping_status":"open","template":"","meta":[],"_links":{"self":[{"href":"http:\/\/maciejko.org\/witryna\/wp-json\/wp\/v2\/pages\/3732"}],"collection":[{"href":"http:\/\/maciejko.org\/witryna\/wp-json\/wp\/v2\/pages"}],"about":[{"href":"http:\/\/maciejko.org\/witryna\/wp-json\/wp\/v2\/types\/page"}],"author":[{"embeddable":true,"href":"http:\/\/maciejko.org\/witryna\/wp-json\/wp\/v2\/users\/4"}],"replies":[{"embeddable":true,"href":"http:\/\/maciejko.org\/witryna\/wp-json\/wp\/v2\/comments?post=3732"}],"version-history":[{"count":20,"href":"http:\/\/maciejko.org\/witryna\/wp-json\/wp\/v2\/pages\/3732\/revisions"}],"predecessor-version":[{"id":5232,"href":"http:\/\/maciejko.org\/witryna\/wp-json\/wp\/v2\/pages\/3732\/revisions\/5232"}],"up":[{"embeddable":true,"href":"http:\/\/maciejko.org\/witryna\/wp-json\/wp\/v2\/pages\/4415"}],"wp:attachment":[{"href":"http:\/\/maciejko.org\/witryna\/wp-json\/wp\/v2\/media?parent=3732"}],"curies":[{"name":"wp","href":"https:\/\/api.w.org\/{rel}","templated":true}]}}