{"id":2847,"date":"2013-05-03T14:15:26","date_gmt":"2013-05-03T12:15:26","guid":{"rendered":"http:\/\/maciejko.org\/witryna\/?page_id=2847"},"modified":"2013-05-03T14:15:26","modified_gmt":"2013-05-03T12:15:26","slug":"odcinek-8-obliczenia-procentowe","status":"publish","type":"page","link":"http:\/\/maciejko.org\/witryna\/publikacje-2\/filmy-edukacyjne\/procenty\/odcinek-8-obliczenia-procentowe","title":{"rendered":"Odcinek 8. Obliczenia procentowe."},"content":{"rendered":"<p><iframe width=\"836\" height=\"470\" src=\"http:\/\/www.youtube.com\/embed\/oCPF9gNtfJc?rel=0\" frameborder=\"0\" allowfullscreen><\/iframe><\/p>\n<p>Podsumowujemy prezentowane wcze\u015bniej rodzaje oblicze\u0144 procentowych. Przypominamy i wyja\u015bniamy ponownie algorytmy obliczeniowe.<\/p>\n","protected":false},"excerpt":{"rendered":"<p>Podsumowujemy prezentowane wcze\u015bniej rodzaje oblicze\u0144 procentowych. Przypominamy i wyja\u015bniamy ponownie algorytmy obliczeniowe.<\/p>\n","protected":false},"author":3,"featured_media":0,"parent":2806,"menu_order":8,"comment_status":"closed","ping_status":"open","template":"","meta":[],"_links":{"self":[{"href":"http:\/\/maciejko.org\/witryna\/wp-json\/wp\/v2\/pages\/2847"}],"collection":[{"href":"http:\/\/maciejko.org\/witryna\/wp-json\/wp\/v2\/pages"}],"about":[{"href":"http:\/\/maciejko.org\/witryna\/wp-json\/wp\/v2\/types\/page"}],"author":[{"embeddable":true,"href":"http:\/\/maciejko.org\/witryna\/wp-json\/wp\/v2\/users\/3"}],"replies":[{"embeddable":true,"href":"http:\/\/maciejko.org\/witryna\/wp-json\/wp\/v2\/comments?post=2847"}],"version-history":[{"count":1,"href":"http:\/\/maciejko.org\/witryna\/wp-json\/wp\/v2\/pages\/2847\/revisions"}],"predecessor-version":[{"id":2848,"href":"http:\/\/maciejko.org\/witryna\/wp-json\/wp\/v2\/pages\/2847\/revisions\/2848"}],"up":[{"embeddable":true,"href":"http:\/\/maciejko.org\/witryna\/wp-json\/wp\/v2\/pages\/2806"}],"wp:attachment":[{"href":"http:\/\/maciejko.org\/witryna\/wp-json\/wp\/v2\/media?parent=2847"}],"curies":[{"name":"wp","href":"https:\/\/api.w.org\/{rel}","templated":true}]}}